{"id":8190,"date":"2023-11-14T15:34:31","date_gmt":"2023-11-14T15:34:31","guid":{"rendered":"https:\/\/hydsol.cl\/?page_id=8190"},"modified":"2024-06-07T19:29:59","modified_gmt":"2024-06-07T19:29:59","slug":"nosotros","status":"publish","type":"page","link":"https:\/\/hydsol.cl\/index.php\/nosotros\/","title":{"rendered":"Nosotros"},"content":{"rendered":"<section class=\"l-section wpb_row us_custom_d984a24d height_auto width_full\"><div class=\"l-section-h i-cf\"><div class=\"g-cols vc_row via_grid cols_2 laptops-cols_inherit tablets-cols_inherit mobiles-cols_1 valign_top type_boxes stacking_default\" style=\"--gap:0rem;\"><div class=\"wpb_column vc_column_container us_custom_59234256 has_bg_color\"><div class=\"vc_column-inner\"><\/div><\/div><div class=\"wpb_column vc_column_container us_custom_ebc3210c has_text_color has_bg_color\"><div class=\"vc_column-inner\"><div class=\"wpb_text_column\"><div class=\"wpb_wrapper\"><h2><strong><span style=\"color: #ed5a35;\">Sobre Nosotros<\/span><\/strong><\/h2>\n<\/div><\/div><div class=\"w-separator size_medium\"><\/div><div class=\"wpb_text_column\"><div class=\"wpb_wrapper\"><h6>Hydsol naci\u00f3 en octubre de 2020 con el prop\u00f3sito de ofrecer soluciones hidr\u00e1ulicas integrales. Nuestro objetivo es simplificar los requerimientos de nuestros clientes mediante productos y servicios confiables y eficientes, todo en un solo lugar. Nos especializamos en la fabricaci\u00f3n y reparaci\u00f3n de cilindros hidr\u00e1ulicos, sellos hidr\u00e1ulicos, y flexibles hidr\u00e1ulicos, adem\u00e1s de brindar servicios de ingenier\u00eda y levantamiento.<\/h6>\n<h6><strong><span style=\"color: #ed5a35;\">Calidad:<\/span><\/strong> Ofrecemos productos y servicios de alta calidad.<br \/>\n<strong><span style=\"color: #ed5a35;\">Innovaci\u00f3n:<\/span><\/strong> Nos mantenemos a la vanguardia de las tecnolog\u00edas hidr\u00e1ulicas.<br \/>\n<strong><span style=\"color: #ed5a35;\">Compromiso:<\/span><\/strong> Estamos dedicados a satisfacer las necesidades de nuestros clientes.<br \/>\n<strong><span style=\"color: #ed5a35;\">Confianza:<\/span><\/strong> Fomentamos relaciones duraderas basadas en la honestidad y el respeto.<\/h6>\n<\/div><\/div><\/div><\/div><\/div><\/div><\/section>\n","protected":false},"excerpt":{"rendered":"Sobre Nosotros Hydsol naci\u00f3 en octubre de 2020 con el prop\u00f3sito de ofrecer soluciones hidr\u00e1ulicas integrales. Nuestro objetivo es simplificar los requerimientos de nuestros clientes mediante productos y servicios confiables y eficientes, todo en un solo lugar. Nos especializamos en la fabricaci\u00f3n y reparaci\u00f3n de cilindros hidr\u00e1ulicos, sellos hidr\u00e1ulicos, y flexibles hidr\u00e1ulicos, adem\u00e1s de brindar...","protected":false},"author":2,"featured_media":0,"parent":0,"menu_order":0,"comment_status":"closed","ping_status":"closed","template":"","meta":{"_acf_changed":false,"footnotes":""},"class_list":["post-8190","page","type-page","status-publish","hentry"],"acf":[],"_links":{"self":[{"href":"https:\/\/hydsol.cl\/index.php\/wp-json\/wp\/v2\/pages\/8190","targetHints":{"allow":["GET"]}}],"collection":[{"href":"https:\/\/hydsol.cl\/index.php\/wp-json\/wp\/v2\/pages"}],"about":[{"href":"https:\/\/hydsol.cl\/index.php\/wp-json\/wp\/v2\/types\/page"}],"author":[{"embeddable":true,"href":"https:\/\/hydsol.cl\/index.php\/wp-json\/wp\/v2\/users\/2"}],"replies":[{"embeddable":true,"href":"https:\/\/hydsol.cl\/index.php\/wp-json\/wp\/v2\/comments?post=8190"}],"version-history":[{"count":23,"href":"https:\/\/hydsol.cl\/index.php\/wp-json\/wp\/v2\/pages\/8190\/revisions"}],"predecessor-version":[{"id":8371,"href":"https:\/\/hydsol.cl\/index.php\/wp-json\/wp\/v2\/pages\/8190\/revisions\/8371"}],"wp:attachment":[{"href":"https:\/\/hydsol.cl\/index.php\/wp-json\/wp\/v2\/media?parent=8190"}],"curies":[{"name":"wp","href":"https:\/\/api.w.org\/{rel}","templated":true}]}}