{"id":8115,"date":"2023-08-31T21:52:11","date_gmt":"2023-08-31T21:52:11","guid":{"rendered":"https:\/\/hydsol.cl\/?page_id=8115"},"modified":"2026-03-03T13:36:52","modified_gmt":"2026-03-03T13:36:52","slug":"contacto","status":"publish","type":"page","link":"https:\/\/hydsol.cl\/index.php\/contacto\/","title":{"rendered":"Cont\u00e1ctenos"},"content":{"rendered":"<section class=\"l-section wpb_row us_custom_bd92604a height_custom\"><div class=\"l-section-h i-cf\"><div class=\"g-cols vc_row via_grid cols_custom laptops-cols_inherit tablets-cols_inherit mobiles-cols_1 valign_top type_default stacking_default\" style=\"--custom-columns:0.5fr 2.5fr 2.5fr 0.5fr \"><div class=\"wpb_column vc_column_container\"><div class=\"vc_column-inner\"><\/div><\/div><div class=\"wpb_column vc_column_container\"><div class=\"vc_column-inner\">\n<div class=\"wpcf7 no-js\" id=\"wpcf7-f13-o1\" lang=\"es-ES\" dir=\"ltr\" data-wpcf7-id=\"13\">\n<div class=\"screen-reader-response\"><p role=\"status\" aria-live=\"polite\" aria-atomic=\"true\"><\/p> <ul><\/ul><\/div>\n<form action=\"\/index.php\/wp-json\/wp\/v2\/pages\/8115#wpcf7-f13-o1\" method=\"post\" class=\"wpcf7-form init\" aria-label=\"Formulario de contacto\" novalidate=\"novalidate\" data-status=\"init\">\n<fieldset class=\"hidden-fields-container\"><input type=\"hidden\" name=\"_wpcf7\" value=\"13\" \/><input type=\"hidden\" name=\"_wpcf7_version\" value=\"6.1.3\" \/><input type=\"hidden\" name=\"_wpcf7_locale\" value=\"es_ES\" \/><input type=\"hidden\" name=\"_wpcf7_unit_tag\" value=\"wpcf7-f13-o1\" \/><input type=\"hidden\" name=\"_wpcf7_container_post\" value=\"0\" \/><input type=\"hidden\" name=\"_wpcf7_posted_data_hash\" value=\"\" \/>\n<\/fieldset>\n<div class=\"wpcf7-turnstile cf-turnstile\" data-sitekey=\"0x4AAAAAACMPZZXqEh8xitZO\" data-response-field-name=\"_wpcf7_turnstile_response\"><\/div>\n\n<div class=\"mi-contatco\">\n\t<div class=\"columna-1\">\n\t\t<p><label><br \/>\n<span class=\"wpcf7-form-control-wrap\" data-name=\"your-name\"><input size=\"40\" maxlength=\"400\" class=\"wpcf7-form-control wpcf7-text wpcf7-validates-as-required\" aria-required=\"true\" aria-invalid=\"false\" placeholder=\"Nombre\" value=\"\" type=\"text\" name=\"your-name\" \/><\/span> <\/label>\n\t\t<\/p>\n\t<\/div>\n\t<div class=\"columna-2\">\n\t\t<p><label><br \/>\n<span class=\"wpcf7-form-control-wrap\" data-name=\"telefono\"><input size=\"40\" maxlength=\"400\" class=\"wpcf7-form-control wpcf7-tel wpcf7-validates-as-required wpcf7-text wpcf7-validates-as-tel\" aria-required=\"true\" aria-invalid=\"false\" placeholder=\"Tel\u00e9fono\" value=\"\" type=\"tel\" name=\"telefono\" \/><\/span> <\/label>\n\t\t<\/p>\n\t<\/div>\n<\/div>\n<div class=\"mi-contatco\">\n\t<div class=\"columna-1\">\n\t\t<p><label><br \/>\n<span class=\"wpcf7-form-control-wrap\" data-name=\"your-email\"><input size=\"40\" maxlength=\"400\" class=\"wpcf7-form-control wpcf7-email wpcf7-validates-as-required wpcf7-text wpcf7-validates-as-email\" aria-required=\"true\" aria-invalid=\"false\" placeholder=\"Email\" value=\"\" type=\"email\" name=\"your-email\" \/><\/span> <\/label>\n\t\t<\/p>\n\t<\/div>\n\t<div class=\"columna-2\">\n\t\t<p><label><br \/>\n<span class=\"wpcf7-form-control-wrap\" data-name=\"your-subject\"><input size=\"40\" maxlength=\"400\" class=\"wpcf7-form-control wpcf7-text wpcf7-validates-as-required\" aria-required=\"true\" aria-invalid=\"false\" placeholder=\"Asunto\" value=\"\" type=\"text\" name=\"your-subject\" \/><\/span> <\/label>\n\t\t<\/p>\n\t<\/div>\n<\/div>\n<div class=\"mi-contatco\">\n\t<div class=\"columna-3\">\n\t\t<p><label><br \/>\n<span class=\"wpcf7-form-control-wrap\" data-name=\"your-message\"><textarea cols=\"40\" rows=\"10\" maxlength=\"2000\" class=\"wpcf7-form-control wpcf7-textarea\" aria-invalid=\"false\" placeholder=\"Mensaje\" name=\"your-message\"><\/textarea><\/span> <\/label>\n\t\t<\/p>\n\t<\/div>\n<\/div>\n<p><input class=\"wpcf7-form-control wpcf7-submit has-spinner\" type=\"submit\" value=\"Enviar\" \/>\n<\/p><p style=\"display: none !important;\" class=\"akismet-fields-container\" data-prefix=\"_wpcf7_ak_\"><label>&#916;<textarea name=\"_wpcf7_ak_hp_textarea\" cols=\"45\" rows=\"8\" maxlength=\"100\"><\/textarea><\/label><input type=\"hidden\" id=\"ak_js_1\" name=\"_wpcf7_ak_js\" value=\"157\"\/><script>document.getElementById( \"ak_js_1\" ).setAttribute( \"value\", ( new Date() ).getTime() );<\/script><\/p><div class=\"wpcf7-response-output\" aria-hidden=\"true\"><\/div>\n<\/form>\n<\/div>\n<div class=\"w-html\"><iframe src=\"https:\/\/www.google.com\/maps\/embed?pb=!1m18!1m12!1m3!1d3329.241233645488!2d-70.7116827!3d-33.4430211!2m3!1f0!2f0!3f0!3m2!1i1024!2i768!4f13.1!3m3!1m2!1s0x9662c4773a8e6533%3A0x195119469640015b!2sSan%20Pablo%205516%2C%208990007%20San%20Pablo%2C%20Lo%20Prado%2C%20Regi%C3%B3n%20Metropolitana!5e0!3m2!1ses!2scl!4v1772544959067!5m2!1ses!2scl\" width=\"100%\" height=\"250\" style=\"border:0;\" allowfullscreen=\"\" loading=\"lazy\" referrerpolicy=\"no-referrer-when-downgrade\"><\/iframe><\/div><\/div><\/div><div class=\"wpb_column vc_column_container\"><div class=\"vc_column-inner\"><div class=\"w-iconbox us_custom_eb849559 iconpos_top style_default color_primary align_center\"><a href=\"#\" class=\"w-iconbox-link\" aria-label=\"Horario de Atenci\u00f3n:\"><div class=\"w-iconbox-icon\" style=\"font-size:2rem;\"><i class=\"fas fa-calendar\"><\/i><\/div><\/a><div class=\"w-iconbox-meta\"><a href=\"#\" class=\"w-iconbox-link\" aria-label=\"Horario de Atenci\u00f3n:\"><h4 class=\"w-iconbox-title\">Horario de Atenci\u00f3n:<\/h4><\/a><div class=\"w-iconbox-text\"><p>Lunes a Viernes: 8:30-18:00 Hrs.<br \/>\nS\u00e1bado y Domingo: Cerrado.<\/p>\n<\/div><\/div><\/div><div class=\"w-separator size_small\"><\/div><div class=\"w-iconbox iconpos_top style_default color_primary align_center\"><a target=\"_blank\" href=\"https:\/\/maps.app.goo.gl\/DYW8LkU959VZ9f4n8\" class=\"w-iconbox-link\" aria-label=\"Direcci\u00f3n\"><div class=\"w-iconbox-icon\" style=\"font-size:2rem;\"><i class=\"fas fa-map-marker-alt\"><\/i><\/div><\/a><div class=\"w-iconbox-meta\"><a target=\"_blank\" href=\"https:\/\/maps.app.goo.gl\/DYW8LkU959VZ9f4n8\" class=\"w-iconbox-link\" aria-label=\"Direcci\u00f3n\"><h4 class=\"w-iconbox-title\">Direcci\u00f3n<\/h4><\/a><div class=\"w-iconbox-text\"><p><a href=\"https:\/\/maps.app.goo.gl\/DYW8LkU959VZ9f4n8\" target=\"_blank\" rel=\"noopener\">San Pablo 5516, Lo Prado, RM<\/a><\/p>\n<\/div><\/div><\/div><div class=\"w-separator size_small\"><\/div><div class=\"w-iconbox iconpos_top style_default color_primary align_center\"><a href=\"mailto:info@hydsol.cl\" class=\"w-iconbox-link\" aria-label=\"Correo electr\u00f3nico\"><div class=\"w-iconbox-icon\" style=\"font-size:2rem;\"><i class=\"fas fa-envelope\"><\/i><\/div><\/a><div class=\"w-iconbox-meta\"><a href=\"mailto:info@hydsol.cl\" class=\"w-iconbox-link\" aria-label=\"Correo electr\u00f3nico\"><h4 class=\"w-iconbox-title\">Correo electr\u00f3nico<\/h4><\/a><div class=\"w-iconbox-text\"><p><a href=\"mailto:info@hydsol.cl\">info@hydsol.cl<\/a><\/p>\n<\/div><\/div><\/div><div class=\"w-separator size_small\"><\/div><div class=\"w-iconbox iconpos_top style_default color_primary align_center\"><a href=\"tel:+56994572583\" class=\"w-iconbox-link\" aria-label=\"Tel\u00e9fono\"><div class=\"w-iconbox-icon\" style=\"font-size:2rem;\"><i class=\"fas fa-phone-alt\"><\/i><\/div><\/a><div class=\"w-iconbox-meta\"><a href=\"tel:+56994572583\" class=\"w-iconbox-link\" aria-label=\"Tel\u00e9fono\"><h4 class=\"w-iconbox-title\">Tel\u00e9fono<\/h4><\/a><div class=\"w-iconbox-text\"><div class=\"w-iconbox-title\"><a href=\"tel:+56994572583\">+56 9 9457 2583<\/a><\/div>\n<\/div><\/div><\/div><div class=\"w-separator size_small\"><\/div><div class=\"w-iconbox iconpos_top style_default color_primary align_center\"><a href=\"http:\/\/wa.me\/56994572583\" class=\"w-iconbox-link\" aria-label=\"Whatsapp\"><div class=\"w-iconbox-icon\" style=\"font-size:2rem;\"><i class=\"fab fa-whatsapp\"><\/i><\/div><\/a><div class=\"w-iconbox-meta\"><a href=\"http:\/\/wa.me\/56994572583\" class=\"w-iconbox-link\" aria-label=\"Whatsapp\"><h4 class=\"w-iconbox-title\">Whatsapp<\/h4><\/a><div class=\"w-iconbox-text\"><div class=\"w-iconbox-title\">\n<div class=\"w-iconbox-title\"><a href=\"http:\/\/wa.me\/56994572583\">+56 9 9457 2583<\/a><\/div>\n<\/div>\n<\/div><\/div><\/div><div class=\"w-separator size_small\"><\/div><\/div><\/div><div class=\"wpb_column vc_column_container\"><div class=\"vc_column-inner\"><\/div><\/div><\/div><\/div><\/section>\n","protected":false},"excerpt":{"rendered":"&#916; Horario de Atenci\u00f3n:Lunes a Viernes: 8:30-18:00 Hrs. S\u00e1bado y Domingo: Cerrado. Direcci\u00f3nSan Pablo 5516, Lo Prado, RM Correo electr\u00f3nicoinfo@hydsol.cl Tel\u00e9fono+56 9 9457 2583 Whatsapp +56 9 9457 2583","protected":false},"author":2,"featured_media":0,"parent":0,"menu_order":0,"comment_status":"closed","ping_status":"closed","template":"","meta":{"_acf_changed":false,"footnotes":""},"class_list":["post-8115","page","type-page","status-publish","hentry"],"acf":[],"_links":{"self":[{"href":"https:\/\/hydsol.cl\/index.php\/wp-json\/wp\/v2\/pages\/8115","targetHints":{"allow":["GET"]}}],"collection":[{"href":"https:\/\/hydsol.cl\/index.php\/wp-json\/wp\/v2\/pages"}],"about":[{"href":"https:\/\/hydsol.cl\/index.php\/wp-json\/wp\/v2\/types\/page"}],"author":[{"embeddable":true,"href":"https:\/\/hydsol.cl\/index.php\/wp-json\/wp\/v2\/users\/2"}],"replies":[{"embeddable":true,"href":"https:\/\/hydsol.cl\/index.php\/wp-json\/wp\/v2\/comments?post=8115"}],"version-history":[{"count":29,"href":"https:\/\/hydsol.cl\/index.php\/wp-json\/wp\/v2\/pages\/8115\/revisions"}],"predecessor-version":[{"id":9782,"href":"https:\/\/hydsol.cl\/index.php\/wp-json\/wp\/v2\/pages\/8115\/revisions\/9782"}],"wp:attachment":[{"href":"https:\/\/hydsol.cl\/index.php\/wp-json\/wp\/v2\/media?parent=8115"}],"curies":[{"name":"wp","href":"https:\/\/api.w.org\/{rel}","templated":true}]}}